e tens digit of 2882?
8
What is the tens digit of 39311?
1
What is the thousands digit of 12409?
2
What is the units digit of 2137?
7
What is the tens digit of 3058?
5
What is the tens digit of 72649?
4
What is the units digit of 1851?
1
What is the hundreds digit of 5483?
4
What is the ten thousands digit of 30246?
3
What is the tens digit of 21199?
9
What is the tens digit of 67564?
6
What is the units digit of 11047?
7
What is the units digit of 116058?
8
What is the units digit of 426?
6
What is the units digit of 14?
4
What is the thousands digit of 4668?
4
What is the tens digit of 10937?
3
What is the tens digit of 153360?
6
What is the tens digit of 3163?
6
What is the hundreds digit of 2023?
0
What is the thousands digit of 5124?
5
What is the tens digit of 4590?
9
What is the thousands digit of 146072?
6
What is the ten thousands digit of 13069?
1
What is the tens digit of 357?
5
What is the tens digit of 63?
6
What is the units digit of 55338?
8
What is the tens digit of 9298?
9
What is the units digit of 17472?
2
What is the units digit of 648?
8
What is the ten thousands digit of 55520?
5
What is the hundreds digit of 1919?
9
What is the tens digit of 57?
5
What is the units digit of 2079?
9
What is the tens digit of 7006?
0
What is the units digit of 4632?
2
What is the tens digit of 258?
5
What is the thousands digit of 6572?
6
What is the tens digit of 52774?
7
What is the thousands digit of 31597?
1
What is the thousands digit of 2290?
2
What is the thousands digit of 118459?
8
What is the hundreds digit of 2189?
1
What is the units digit of 7578?
8
What is the hundreds digit of 5593?
5
What is the tens digit of 13682?
8
What is the tens digit of 6667?
6
What is the hundreds digit of 275?
2
What is the units digit of 7995?
5
What is the units digit of 2356?
6
What is the hundreds digit of 100490?
4
What is the tens digit of 8268?
6
What is the thousands digit of 5539?
5
What is the hundreds digit of 1220?
2
What is the tens digit of 1332?
3
What is the tens digit of 65?
6
What is the hundreds digit of 677?
6
What is the units digit of 2848?
8
What is the units digit of 100179?
9
What is the units digit of 6494?
4
What is the tens digit of 119816?
1
What is the units digit of 776?
6
What is the thousands digit of 11564?
1
What is the hundreds digit of 10678?
6
What is the hundreds digit of 166?
1
What is the thousands digit of 4946?
4
What is the ten thousands digit of 20167?
2
What is the tens digit of 26?
2
What is the units digit of 706?
6
What is the units digit of 759?
9
What is the units digit of 75076?
6
What is the thousands digit of 2119?
2
What is the units digit of 3129?
9
What is the units digit of 29453?
3
What is the tens digit of 7497?
9
What is the thousands digit of 72630?
2
What is the ten thousands digit of 13933?
1
What is the hundreds digit of 681?
6
What is the ten thousands digit of 113200?
1
What is the tens digit of 39490?
9
What is the units digit of 3176?
6
What is the hundreds digit of 791?
7
What is the units digit of 779?
9
What is the tens digit of 1460?
6
What is the thousands digit of 2163?
2
What is the tens digit of 1037?
3
What is the tens digit of 4830?
3
What is the tens digit of 14255?
5
What is the hundreds digit of 18602?
6
What is the tens digit of 1366?
6
What is the tens digit of 682?
8
What is the units digit of 6543?
3
What is the units digit of 3573?
3
What is the ten thousands digit of 15005?
1
What is the units digit of 8189?
9
What is the hundreds digit of 89201?
2
What is the thousands digit of 14408?
4
What is the hundreds digit of 41256?
2
What is the ten thousands digit of 10997?
1
What is the thousands digit of 24044?
4
What is the tens digit of 94?
9
What is the units digit of 44490?
0
What is the units digit of 9550?
0
What is the units digit of 691?
1
What is the units digit of 5932?
2
What is the hundreds digit of 1923?
9
What is the tens digit of 3875?
7
What is the ten thousands digit of 29274?
2
What is the thousands digit of 2565?
2
What is the tens digit of 779?
7
What is the hundreds digit of 10117?
1
What is the units digit of 1909?
9
What is the tens digit of 11668?
6
What is the hundreds digit of 996?
9
What is the ten thousands digit of 116935?
1
What is the ten thousands digit of 52335?
5
What is the hundreds digit of 593?
5
What is the units digit of 37069?
9
What is the tens digit of 19343?
4
What is the hundreds digit of 2019?
0
What is the hundreds digit of 19126?
1
What is the tens digit of 1544?
4
What is the tens digit of 796?
9
What is the units digit of 456?
6
What is the units digit of 11031?
1
What is the thousands digit of 18027?
8
What is the thousands digit of 1710?
1
What is the ten thousands digit of 101723?
0
What is the hundreds digit of 17442?
4
What is the thousands digit of 1058?
1
What is the units digit of 740?
0
What is the units digit of 5722?
2
What is the hundreds digit of 62852?
8
What is the hundreds digit of 11910?
9
What is the tens digit of 2161?
6
What is the hundreds digit of 2268?
2
What is the tens digit of 671?
7
What is the hundreds digit of 16480?
4
What is the tens digit of 22912?
1
What is the tens digit of 1341?
4
What is the hundreds digit of 877?
8
What is the units digit of 3045?
5
What is the tens digit of 77820?
2
What is the tens digit of 3908?
0
What is the ten thousands digit of 53055?
5
What is the units digit of 28525?
5
What is the thousands digit of 4252?
4
What is the units digit of 4569?
9
What is the hundreds digit of 260?
2
What is the units digit of 1416?
6
What is the thousands digit of 1010?
1
What is the tens digit of 64?
6
What is the hundreds digit of 133?
1
What is the units digit of 2415?
5
What is the hundreds digit of 63367?
3
What is the units digit of 5178?
8
What is the thousands digit of 88937?
8
What is the units digit of 50?
0
What is the hundreds digit of 309?
3
What is the hundreds digit of 2296?
2
What is the hundreds digit of 2985?
9
What is the hundreds digit of 129?
1
What is the hundreds digit of 7377?
3
What is the units digit of 2484?
4
What is the hundreds digit of 11529?
5
What is the units digit of 112222?
2
What is the thousands digit of 98310?
8
What is the thousands digit of 11431?
1
What is the hundreds digit of 8874?
8
What is the tens digit of 664?
6
What is the units digit of 15300?
0
What is the hundreds digit of 940?
9
What is the tens digit of 13957?
5
What is the units digit of 6502?
2
What is the tens digit of 10386?
8
What is the units digit of 348?
8
What is the thousands digit of 23595?
3
What is the tens digit of 5024?
2
What is the tens digit of 24?
2
What is the thousands digit of 1394?
1
What is the ten thousands digit of 34075?
3
What is the hundreds digit of 272?
2
What is the hundreds digit of 780?
7
What is the thousands digit of 3074?
3
What is the units digit of 13466?
6
What is the thousands digit of 1974?
1
What is the ten thousands digit of 23951?
2
What is the tens digit of 28721?
2
What is the hundreds digit of 4266?
2
What is the tens digit of 3121?
2
What is the hundreds digit of 1640?
6
What is the tens digit of 1950?
5
What is the ten thousands digit of 61398?
6
What is the units digit of 4218?
8
What is the units digit of 9247?
7
What is the hundreds digit of 48359?
3
What is the ten thousands digit of 15666?
1
What is the ten thousands digit of 40883?
4
What is the thousands digit of 6939?
6
What is the thousands digit of 1629?
1
What is the ten thousands digit of 59884?
5
What is the tens digit of 47?
4
What is the units digit of 14566?
6
What is the thousands digit of 1409?
1
What is the tens digit of 995?
9
What is the hundreds digit of 3440?
4
What is the units digit of 12554?
4
What is the tens digit of 2019?
1
What is the units digit of 4479?
9
What is the tens digit of 190?
9
What is the units digit of 127499?
9
What is the hundreds digit of 762?
7
What is the ten thousands digit of 38305?
3
What is the units digit of 391?
1
What is the hundreds digit of 14505?
5
What is the hundreds digit of 1547?
5
What is the units digit of 133?
3
What is the units digit of 53543?
3
What is the units digit of 374?
4
What is the hundreds digit of 9059?
0
What is the thousands digit of 2004?
2
What is the units digit of 394?
4
What is the tens